e the prime factors of 76715?
5, 67, 229
What are the prime factors of 8373?
3, 2791
What are the prime factors of 4093?
4093
What are the prime factors of 404?
2, 101
What are the prime factors of 21746?
2, 83, 131
List the prime factors of 3536.
2, 13, 17
What are the prime factors of 1193?
1193
List the prime factors of 1374.
2, 3, 229
What are the prime factors of 910?
2, 5, 7, 13
What are the prime factors of 29308?
2, 17, 431
What are the prime factors of 610?
2, 5, 61
What are the prime factors of 521?
521
List the prime factors of 220.
2, 5, 11
List the prime factors of 1371.
3, 457
What are the prime factors of 4995?
3, 5, 37
What are the prime factors of 3466?
2, 1733
List the prime factors of 153197.
11, 19, 733
What are the prime factors of 16615?
5, 3323
List the prime factors of 1276.
2, 11, 29
What are the prime factors of 10259?
10259
What are the prime factors of 696?
2, 3, 29
What are the prime factors of 18994?
2, 9497
List the prime factors of 324.
2, 3
What are the prime factors of 237?
3, 79
What are the prime factors of 27646?
2, 23, 601
List the prime factors of 2009.
7, 41
List the prime factors of 1330.
2, 5, 7, 19
What are the prime factors of 5336?
2, 23, 29
What are the prime factors of 454?
2, 227
List the prime factors of 59028.
2, 3, 4919
List the prime factors of 151542.
2, 3, 8419
List the prime factors of 114264.
2, 3, 23
What are the prime factors of 2379?
3, 13, 61
List the prime factors of 120703.
11, 10973
What are the prime factors of 13826?
2, 31, 223
List the prime factors of 34713.
3, 7, 19, 29
What are the prime factors of 7427?
7, 1061
List the prime factors of 1886.
2, 23, 41
List the prime factors of 5870.
2, 5, 587
List the prime factors of 10143.
3, 7, 23
What are the prime factors of 849?
3, 283
What are the prime factors of 2482?
2, 17, 73
List the prime factors of 1824.
2, 3, 19
What are the prime factors of 15840?
2, 3, 5, 11
What are the prime factors of 53295?
3, 5, 11, 17, 19
What are the prime factors of 705?
3, 5, 47
List the prime factors of 1156.
2, 17
What are the prime factors of 29269?
29269
What are the prime factors of 176582?
2, 7, 12613
What are the prime factors of 1921?
17, 113
What are the prime factors of 140124?
2, 3, 11677
What are the prime factors of 22121?
11, 2011
List the prime factors of 1084.
2, 271
What are the prime factors of 21609?
3, 7
List the prime factors of 51845.
5, 10369
List the prime factors of 506.
2, 11, 23
List the prime factors of 36963.
3, 37
What are the prime factors of 2401?
7
What are the prime factors of 157148?
2, 17, 2311
List the prime factors of 142500.
2, 3, 5, 19
What are the prime factors of 1914?
2, 3, 11, 29
What are the prime factors of 29873?
29873
What are the prime factors of 40379?
149, 271
List the prime factors of 895.
5, 179
List the prime factors of 9215.
5, 19, 97
List the prime factors of 3147.
3, 1049
What are the prime factors of 835?
5, 167
What are the prime factors of 17041?
17041
What are the prime factors of 17846?
2, 8923
What are the prime factors of 62042?
2, 67, 463
What are the prime factors of 121258?
2, 19, 3191
List the prime factors of 3799.
29, 131
List the prime factors of 15277.
15277
What are the prime factors of 49?
7
What are the prime factors of 2952?
2, 3, 41
What are the prime factors of 43799?
7, 6257
List the prime factors of 440.
2, 5, 11
What are the prime factors of 192?
2, 3
What are the prime factors of 44606?
2, 22303
List the prime factors of 102523.
102523
What are the prime factors of 100454?
2, 50227
What are the prime factors of 28551?
3, 31, 307
List the prime factors of 450.
2, 3, 5
What are the prime factors of 746?
2, 373
What are the prime factors of 600?
2, 3, 5
List the prime factors of 2958.
2, 3, 17, 29
List the prime factors of 1992.
2, 3, 83
List the prime factors of 2349.
3, 29
List the prime factors of 17463.
3, 5821
What are the prime factors of 136151?
173, 787
List the prime factors of 154719.
3, 17191
What are the prime factors of 3012?
2, 3, 251
List the prime factors of 62370.
2, 3, 5, 7, 11
List the prime factors of 4418.
2, 47
What are the prime factors of 5536?
2, 173
What are the prime factors of 1952?
2, 61
What are the prime factors of 7175?
5, 7, 41
List the prime factors of 2736.
2, 3, 19
List the prime factors of 1421.
7, 29
List the prime factors of 1261.
13, 97
List the prime factors of 72005.
5, 14401
List the prime factors of 3689.
7, 17, 31
List the prime factors of 6674.
2, 47, 71
What are the prime factors of 308?
2, 7, 11
List the prime factors of 1375.
5, 11
What are the prime factors of 25641?
3, 7, 11, 37
What are the prime factors of 2739?
3, 11, 83
What are the prime factors of 2243?
2243
List the prime factors of 23591.
31, 761
List the prime factors of 81.
3
What are the prime factors of 943?
23, 41
List the prime factors of 3143.
7, 449
What are the prime factors of 217?
7, 31
What are the prime factors of 5156?
2, 1289
List the prime factors of 117.
3, 13
List the prime factors of 49271.
29, 1699
What are the prime factors of 7103?
7103
List the prime factors of 4227.
3, 1409
What are the prime factors of 11055?
3, 5, 11, 67
List the prime factors of 4405.
5, 881
What are the prime factors of 9401?
7, 17, 79
What are the prime factors of 2574?
2, 3, 11, 13
What are the prime factors of 1248?
2, 3, 13
What are the prime factors of 21536?
2, 673
List the prime factors of 436.
2, 109
What are the prime factors of 1022?
2, 7, 73
What are the prime factors of 78310?
2, 5, 41, 191
List the prime factors of 1462.
2, 17, 43
List the prime factors of 11875.
5, 19
List the prime factors of 1870.
2, 5, 11, 17
What are the prime factors of 512?
2
What are the prime factors of 18660?
2, 3, 5, 311
What are the prime factors of 2176?
2, 17
List the prime factors of 12406.
2, 6203
List the prime factors of 2640.
2, 3, 5, 11
List the prime factors of 44199.
3, 1637
What are the prime factors of 170?
2, 5, 17
What are the prime factors of 79?
79
List the prime factors of 1018.
2, 509
List the prime factors of 14592.
2, 3, 19
What are the prime factors of 1173?
3, 17, 23
What are the prime factors of 378?
2, 3, 7
List the prime factors of 6847.
41, 167
What are the prime factors of 2694?
2, 3, 449
What are the prime factors of 626?
2, 313
What are the prime factors of 11168?
2, 349
What are the prime factors of 2459?
2459
What are the prime factors of 1105?
5, 13, 17
What are the prime factors of 4128?
2, 3, 43
List the prime factors of 83354.
2, 71, 587
List the prime factors of 9779.
7, 11, 127
List the prime factors of 45662.
2, 17, 79
What are the prime factors of 89?
89
What are the prime factors of 939?
3, 313
What are the prime factors of 652?
2, 163
What are the prime factors of 2443?
7, 349
What are the prime factors of 104?
2, 13
List the prime factors of 6094.
2, 11, 277
List the prime factors of 2110.
2, 5, 211
List the prime factors of 11281.
29, 389
List the prime factors of 52639.
52639
What are the prime factors of 70733?
13, 5441
What are the prime factors of 410?
2, 5, 41
What are the prime factors of 6344?
2, 13, 61
List the prime factors of 37028.
2, 9257
List the prime factors of 62.
2, 31
List the prime factors of 70013.
53, 1321
List the prime factors of 3040.
2, 5, 19
List the prime factors of 1568.
2, 7
What are the prime factors of 5283?
3, 587
What are the prime factors of 33559?
37, 907
List the prime factors of 12002.
2, 17, 353
What are the prime factors of 305?
5, 61
List the prime factors of 11441.
17, 673
What are the prime factors of 1087?
1087
List the prime factors of 3771.
3, 419
List the prime factors of 86364.
2, 3, 2399
What are the prime factors of 1170?
2, 3, 5, 13
List the prime factors of 81626.
2, 40813
What are the prime factors of 842?
2, 421
What are the prime factors of 4150?
2, 5, 83
List the prime factors of 4613.
7, 659
What are the prime factors of 53477?
53, 1009
List the prime factors of 4672.
2, 73
List the prime factors of 54280.
2, 5, 23, 59
List the prime factors of 1299.
3, 433
What are the prime factors of 8946?
2, 3, 7, 71
List the prime factors of 26229.
3, 7, 1249
List the prime factors of 8018.
2, 19, 211
List the prime factors of 1714.
2, 857
What are the prime factors of 14952?
2, 3, 7, 89